 + 1?
1434342
In base 5, what is -3 + 20100?
20042
In base 9, what is 2073 + -112?
1861
In base 2, what is -10101 - -100001111101011?
100001111010110
In base 10, what is -670 + -125?
-795
In base 10, what is -44 + 12754?
12710
In base 7, what is 1352 - 41?
1311
In base 14, what is c311 - -4?
c315
In base 13, what is -1 - 4b79?
-4b7a
In base 16, what is -b + -9285?
-9290
In base 14, what is 1 - 450?
-44d
In base 8, what is 1 + 247725?
247726
In base 11, what is -15 + -444?
-459
In base 14, what is 7a20 + -3?
7a1b
In base 14, what is 207 - -29a?
4a3
In base 3, what is -22212 - 11012?
-111001
In base 5, what is 10 + 4401124?
4401134
In base 10, what is 4296 - 4?
4292
In base 3, what is -201021 - -210012?
1221
In base 10, what is 22 - -81492?
81514
In base 2, what is 101 - -11111111111111?
100000000000100
In base 9, what is 77 + 1804?
1882
In base 9, what is 1 - -80025?
80026
In base 4, what is 10311 - -133?
11110
In base 13, what is 275 + -358?
-b3
In base 15, what is -34b4 + -19?
-34cd
In base 6, what is -4035311 - 11?
-4035322
In base 10, what is -3 + -565803?
-565806
In base 10, what is -8683 - 11?
-8694
In base 13, what is 8 - -3580?
3588
In base 10, what is -661 + 1028?
367
In base 11, what is -16059 + -60?
-16109
In base 16, what is 3d + 68?
a5
In base 12, what is -2331 - -308?
-2025
In base 11, what is 2109 - 0?
2109
In base 5, what is -1103440 - 40?
-1104030
In base 13, what is -4 - -111065?
111061
In base 6, what is 2323 + -1?
2322
In base 6, what is 423 - -32?
455
In base 16, what is -70 - 357?
-3c7
In base 9, what is 84064 + -8?
84055
In base 10, what is -38 + -72?
-110
In base 4, what is 13313 + -1?
13312
In base 10, what is -1124 - 62?
-1186
In base 13, what is -4 - -113?
10c
In base 16, what is 72d2 + 17?
72e9
In base 13, what is 2708 - -b?
2716
In base 11, what is -21105 + 5?
-21100
In base 10, what is 47 - 31?
16
In base 9, what is 4254 - 2?
4252
In base 11, what is 4 + 4a11?
4a15
In base 11, what is -34 - 16a8?
-1731
In base 3, what is -1000122011 - 2?
-1000122020
In base 12, what is -4 + 16586?
16582
In base 10, what is -1155 - -15?
-1140
In base 10, what is 3415960 + 5?
3415965
In base 13, what is 10004 + 1?
10005
In base 3, what is 222022000 + -1200?
222020100
In base 5, what is -1003 + 2121?
1113
In base 9, what is -31 - -12711?
12670
In base 15, what is 39e - 85?
319
In base 8, what is -562 + -30673?
-31455
In base 12, what is 122 - -421?
543
In base 7, what is -1563 - -456?
-1104
In base 13, what is 9 - 537?
-52b
In base 14, what is -1dc - -825?
627
In base 13, what is -12 + 167a?
1668
In base 11, what is 4 + -7258?
-7254
In base 6, what is -204 + -21424?
-22032
In base 9, what is -18328 - -1?
-18327
In base 7, what is 5 - -24251?
24256
In base 12, what is -11b1 - 21?
-1212
In base 3, what is 2011212000122 - 10?
2011212000112
In base 10, what is 50 + -20154?
-20104
In base 11, what is 10 - -a8057?
a8067
In base 12, what is 252a8 + -4?
252a4
In base 16, what is -4 - 8ff88?
-8ff8c
In base 11, what is 45251 - 4?
45248
In base 5, what is -20122 + 3?
-20114
In base 13, what is -1 - -158a5?
158a4
In base 5, what is 23413 + -24?
23334
In base 15, what is -145 + 1be8?
1aa3
In base 10, what is -1220 - 392?
-1612
In base 16, what is 2249 - 1ef?
205a
In base 11, what is -9 + -29a?
-2a8
In base 9, what is 7 + 650407?
650415
In base 10, what is -297 - -110?
-187
In base 6, what is -2204112 - 5?
-2204121
In base 13, what is -5c + -14a?
-1a9
In base 4, what is 101 + -133210?
-133103
In base 3, what is 110220011 - 2021?
110210220
In base 15, what is -deb - -53?
-d98
In base 9, what is -3147 + 85?
-3052
In base 5, what is 121313 + 4?
121322
In base 15, what is 3 + -4140e?
-4140b
In base 16, what is -50d5 - -5?
-50d0
In base 6, what is -41 + -45124?
-45205
In base 7, what is 3 - 1353141?
-1353135
In base 5, what is -4 - -40343220?
40343211
In base 10, what is 1853 - 80?
1773
In base 7, what is -512 - 531?
-1343
In base 15, what is 8e6 + -cb?
81a
In base 9, what is 6 - 76853?
-76846
In base 12, what is 35 + 3b3?
428
In base 10, what is -69785 - -3?
-69782
In base 15, what is -c - 33080?
-3308c
In base 12, what is -7059 + -3?
-7060
In base 7, what is -22340 - -213?
-22124
In base 13, what is -12b2b7 - 0?
-12b2b7
In base 13, what is 9c + -73?
29
In base 12, what is -851 + -2812?
-3463
In base 7, what is -2046 - 442?
-2521
In base 4, what is -21233 + 3232?
-12001
In base 9, what is 105 - 11303?
-11187
In base 8, what is 20 - 71746?
-71726
In base 2, what is -1001111101111010011 - 101?
-1001111101111011000
In base 4, what is -1312033 - 1?
-1312100
In base 10, what is -1929 - 133?
-2062
In base 5, what is -13403 + 232?
-13121
In base 8, what is 77020 - -6?
77026
In base 5, what is 40 + -113133?
-113043
In base 15, what is -10 + -205a?
-206a
In base 3, what is -12 - -20021101012?
20021101000
In base 5, what is -2 - -11141?
11134
In base 9, what is -2 - -801208?
801206
In base 8, what is -16105 - -2?
-16103
In base 2, what is -1101100 + -10110100110?
-11000010010
In base 9, what is -31 - -1658?
1627
In base 7, what is -2 + -346013?
-346015
In base 4, what is 123 - 21130?
-21001
In base 7, what is -15 - 10162?
-10210
In base 16, what is 6f7d - 3?
6f7a
In base 6, what is 5032 - 1242?
3350
In base 8, what is 165 + 1602?
1767
In base 12, what is -483 + -47b?
-942
In base 14, what is -d9b8 + 2?
-d9b6
In base 3, what is 221 + 11200222012?
11201000010
In base 12, what is -9 - -32555?
32548
In base 14, what is -529 - 20?
-549
In base 8, what is 152 + 10576?
10750
In base 4, what is 203331 - 122?
203203
In base 6, what is 1040033 + -4?
1040025
In base 12, what is 0 + -288599?
-288599
In base 3, what is -112 - 200221?
-201110
In base 9, what is -6567 + 2?
-6565
In base 7, what is -14 - -1121532?
1121515
In base 14, what is -1b - 3774?
-3791
In base 13, what is 5 - 30b085?
-30b080
In base 14, what is b7952 + -7?
b7949
In base 15, what is -17e + 9c8?
849
In base 14, what is 6c5a - -4a?
6ca6
In base 14, what is 1 + 1111d?
11120
In base 3, what is -12112212 + 2012?
-12110200
In base 9, what is 25 + 2841?
2866
In base 10, what is -207 - -314?
107
In base 5, what is 114 + 1024?
1143
In base 5, what is 4 - 4411021?
-4411012
In base 8, what is -5777 + -11?
-6010
In base 15, what is -150c - 44?
-1551
In base 7, what is -1 + -15246?
-15250
In base 16, what is -18e4 + -41?
-1925
In base 16, what is 3de3e + -2?
3de3c
In base 11, what is 1aa - -107?
306
In base 4, what is -30220 - -3?
-30211
In base 8, what is 131 + -23740?
-23607
In base 5, what is 4044201 + 2?
4044203
In base 15, what is -20c845 + -5?
-20c84a
In base 12, what is -1a43 + 137?
-1908
In base 6, what is -3145243 - -5?
-3145234
In base 4, what is -10221303 + -133?
-10222102
In base 7, what is 265426 - 1?
265425
In base 12, what is 14 + -6836?
-6822
In base 12, what is 5677a + 1?
5677b
In base 6, what is 212 - -10254?
10510
In base 16, what is 1f52 - 28?
1f2a
In base 16, what is -8 - -198b?
1983
In base 6, what is 313 + -255?
14
In base 12, what is 10b948 - 0?
10b948
In base 10, what is -200281 - -4?
-200277
In base 13, what is -76823 + 2?
-76821
In base 14, what is 546 - 226?
320
In base 8, what is 1255 + -2716?
-1441
In base 16, what is -6 + -f8f1?
-f8f7
In base 10, what is -116 - -13839?
13723
In base 10, what is 1741512 - 4?
1741508
In base 12, what is 17 + -15ba?
-15a3
In base 7, what is -100 - -524?
424
In base 15, what is -166ac - 4?
-166b1
In base 10, what is 32 - -15289?
15321
In base 5, what is -14 - 1210421?
-1210440
In base 2, what is 100 + 101000100000110?
101000100001010
In base 13, what is c63 - 5?
c5b
In base 5, what is 12243434 - -2?
12243441
In base 2, what is -1001 - 1001100110001?
-1001100111010
In base 12, what is -290 + -266b?
-293b
In base 2, what is 0 - -11111110101101101110?
11111110101101101110
In base 14, what is -da1b - 1?
-da1c
In base 8, what is -5 + -12735?
-12742
In base 10, what is 586 - 450?
136
In base 4, what is 31231002 - 21?
31230321
In base 16, what is -4bd + 156?
-367
In base 12, what is -33b6b1 + 3?
-33b6aa
In base 4, what is -232203322 + -223?
-232210211
In base 10, what is -2378 + -7?
-2385
In base 7, what is -2 - -35215?
35213
In base 13, what is -2 - 410?
-412
In base 16, what is 56 - -65f?
6b5
In base 3, what is 221000 + 1000221?
1221221
In base 8, what is -5